 2*x - 8 = 2. Suppose -5*n + 3*z = -5, s = 5*n + 3*z - 39 + 4. Suppose -4*p = -n, -2 + 8 = -2*a - 2*p. Let b(d) = d - 3. What is b(a)?
-7
Let u(l) = -l**3 - 6*l**2 + 7*l + 2. Suppose 6*r - 5*r - 21 = 0. Suppose -5*d = -2*d + 3*i + r, 0 = -3*d + 3*i - 21. What is u(d)?
2
Let k(w) be the first derivative of -w**2 - 2*w + 463. Let d be ((-10)/6)/((-1)/(-3)). Let i be (-4)/10 - (-13)/d. Calculate k(i).
4
Let y(r) = r. Suppose o = 1 + 1. Let t(n) = -6*n + 1. Let b(l) = o*t(l) + 11*y(l). Calculate b(-5).
7
Suppose -4*c + 16 = 4*l, -3*l + 13 = 5*c - 3. Let v be 3*(-2 + 2 + c). Let k(t) = -35*t - 2*t**2 + t**2 + 21*t - 46 + 43 + 20*t. What is k(v)?
-3
Let k be 5 + (-55)/10 - (2 - 3). Let m(d) be the second derivative of 0 + 4*d - k*d**2 - 1/6*d**3. Calculate m(-4).
3
Let k(l) = 30*l + 1. Let q(t) = -4*t**2 + 42*t + 20. Let w be q(11). Give k(w).
-59
Let w(c) = -c**3 - 10*c**2 + 10. Let d(x) = 2*x**3 + 2*x**2 - 9*x + 8. Let z be d(4). Let i = 122 - z. Calculate w(i).
10
Suppose 30 = 5*r - 5*k, 2*k - 2 = -0. Let i(b) be the third derivative of -b**5/60 + b**4/6 + b**3 - 2*b**2 + 101*b. Calculate i(r).
-15
Let i be (-341)/77 - 50/(-35). Let m(f) = f**3 + 3*f**2 - f + 1. What is m(i)?
4
Let t(m) = -5*m**2 + m + 6. Let v(a) = -11*a**2 + 3*a + 14. Let f(k) = 5*t(k) - 2*v(k). Give f(-3).
-22
Let r(h) be the first derivative of 0*h**5 - 1/120*h**6 - 5/6*h**3 - 1 + 1/24*h**4 + 1/2*h**2 + 0*h. Let x(s) be the second derivative of r(s). Give x(0).
-5
Let t(b) = -146*b**3 + 427*b**3 - 4*b**2 - 139*b**3 - 143*b**3 - 2*b**2 - 2*b + 8. Calculate t(-4).
-16
Let r = 47 - -3. Let h = 45 - r. Let l(g) = 3 - 6*g + g**3 + 2*g**2 + 2*g**2 + 0*g**2. What is l(h)?
8
Let t(l) = 1316*l**2 - 1319*l**2 + 11 + l - 10 + l**3. Give t(2).
-1
Let w = -5 + -1. Let y(v) = 15*v**2 + 166*v - 26. Let f(z) = 7*z**2 + 77*z - 12. Let i(j) = -13*f(j) + 6*y(j). Calculate i(w).
-6
Suppose 0 = 3*g - 149 + 164, -5*v = 2*g + 5. Let d(i) = 8*i**2 - i + 2. Determine d(v).
9
Let u(d) be the second derivative of -d**5/20 - 7*d**4/12 - 2*d**3/3 - d**2 - 308*d. Determine u(-7).
26
Let h(n) be the first derivative of -5*n**2 + n + 2/3*n**3 + 4. Let o(d) = d**2 - 7*d + 1. Let m(g) = -5*h(g) + 7*o(g). What is m(2)?
-8
Let i(x) = -x - 1761*x**2 + 882*x**2 + 894*x**2. Calculate i(1).
14
Let z(j) = -2*j - 19909 + 12*j + 19902 - j**2. Give z(11).
-18
Suppose 0 = -4*z - 5*q + 9, -2*q - 25 - 11 = -5*z. Suppose -z*p - 4 = -8*p. Let t(j) = 2 + 2 + 1 + j**p + 1 - 9*j. What is t(8)?
-2
Let o(c) = -c**3 + 2*c + 2. Let r be o(-2). Let u(t) = 2*t + 2*t - 8*t + r*t. Suppose 3*l + 3*a = 15, -2*l + a - 13 = -5*l. Determine u(l).
8
Suppose 2*j - n + 21 = -2*j, -4*j + 9 = 5*n. Let y(b) = -b - 41. Let m(q) = -2*q - 101. Let l(u) = 2*m(u) - 5*y(u). Calculate l(j).
-1
Let g(c) = -c**2 - 3*c - 2. Let j be g(-4). Let d be 3*(3 + 16/j). Let p = -1 - d. Let n(u) = 2*u**2 - u. What is n(p)?
10
Let g(n) = 2*n + 3. Let t(u) = -2*u - 4. Let y(b) = -4*g(b) - 3*t(b). Suppose o = 5*o - 48. Let p = o + -6. What is y(p)?
-12
Suppose -5 = -5*h, -h - 3 = 3*z - 1. Let a be (-4)/(-1) + -1 + -1. Let i(c) = a + 1 + 3*c - 4. Calculate i(z).
-4
Let c(r) = -r**3 - r**2 + r + 1. Let o(p) = -7*p**3 - 5*p**2 + 7*p + 8. Let m(w) = 4*c(w) - o(w). Let y be m(-1). Let a(d) = -2*d - 1. What is a(y)?
5
Let v(r) = -4*r - 1. Suppose -7*o + 10*o = -21. Let y(h) = h**2 + 6*h - 5. Let g be y(o). Let d(j) = j**3 - 2*j**2 + 1. Let u be d(g). Calculate v(u).
-5
Let r(x) be the third derivative of -1/6*x**3 + 0*x + 0 + 1/24*x**4 + 21*x**2. Give r(3).
2
Let k(u) = -2*u**2 + 3*u + 1. Let j(q) = -2*q - 2. Let o be j(-2). Suppose -2*f - 3*i + 5*i = 0, o*i = f + 3. Give k(f).
-8
Let k = 3 + -2. Let a(g) = -2*g**3 - g**2 - g + 1. Give a(k).
-3
Let j(k) = -27 + 0*k + 0*k + k + 34. Let q be ((-6)/9 + 2)*-3. Calculate j(q).
3
Suppose 0 = -10*r + 12 + 18. Let b(q) = -q**3 - q**2 - q - 1. Let z(x) = -3*x**3. Let o(l) = 2*b(l) - z(l). Determine o(r).
1
Let k(y) = -10*y - 381 + 4*y + 381. Suppose -5*v + 5 = -5. Give k(v).
-12
Let g(y) = -7*y**3 - y**2 - y + 2. Let x(i) = -i**2 - i + 3. Let o(k) = g(k) - x(k). Give o(-1).
6
Suppose a - 3*g - 3 = 0, 2*g = 4*a - 20 - 22. Let p be (-56)/(-9) - a/54. Suppose -2*j = -p*j. Let l(n) = n**2 + n + 5. Give l(j).
5
Suppose -2*t + 3*q + 1 + 10 = 0, 2*q + 18 = 4*t. Let s(c) = -7*c**2 - 2*c - 1. Let x(d) = -15*d**2 - 5*d - 3. Let g(v) = 13*s(v) - 6*x(v). Give g(t).
5
Let u = 129 - 135. Let x(n) be the first derivative of n**3/3 + 3*n**2 + 3*n + 1. Give x(u).
3
Let s(v) = 2*v**3 + 2*v**2 + 3. Let b be s(-2). Let c be 594/(-90) + (-3)/b. Let i(d) = 2*d + 8. Determine i(c).
-4
Let z(v) be the first derivative of -3*v**2 - v + 73. Let p(i) = i**3 - 7*i**2 + i - 10. Let h be p(7). Give z(h).
17
Let t(i) = -i**2 - 6*i - 6. Suppose 0*k - k = 4. Let v be t(k). Let z(n) = 3*n**2 - v*n**2 + 3*n - 3*n + 7*n. Give z(-6).
-6
Suppose -m = 2*m - 6. Suppose -m*b + 3 = i - 2*i, 3*b - 5 = i. Let r(k) = -3*k + k**b + 56 - 26 - 28. Calculate r(3).
2
Let b be (16/(-6))/(6/(-9)). Let h(k) = 2*k + 1 - 6 - 8*k + 0*k + b*k**2 + k**3. Give h(-5).
0
Suppose 2*s + 14 = 6, 2*y - 76 = -s. Let q = 44 - y. Let m(g) = g**3 - 3*g**2 - 5*g - 1. Give m(q).
-5
Suppose -3*d = -4*y + 2*y - 22, 0 = -2*y + d - 18. Let s(h) = -h**3 - 8*h**2 + h + 1. What is s(y)?
-7
Let g(q) = q - 1. Let o(m) = 4*m + 151. Let l be o(-40). What is g(l)?
-10
Let f = -26 - -32. Let h = -28 + f. Let k = h - -24. Let p(m) = m**2 - 1. Calculate p(k).
3
Let q(l) = -12*l + 5. Suppose -2*k + 2 = -3*k. Let p be (1/3)/(k/(-12)). Let s(h) = 3*h - 1. Let y(d) = p*q(d) + 9*s(d). Calculate y(2).
7
Let r = -30 - -34. Let k(q) = -q + 7. Let o be k(r). Let i(g) = g - 2. Determine i(o).
1
Let v(h) = h**2 + 7*h - 9. Let r be (-2 - -8) + -6 - (-1 - -10). Determine v(r).
9
Let a(v) = 5*v**2 - 8*v + 0*v**3 - 27 - 2*v**3 + 22 + 3*v**3. Let g = -4 + 7. Suppose g*y = 5*k + 24, k - 5*k = 3*y + 30. Determine a(k).
7
Let c(d) = -10*d. Suppose 3*h + 25 = 8*h, -s = -2*h + 7. Suppose -s - 1 = -4*i. What is c(i)?
-10
Let s(a) be the third derivative of -8*a**2 + 0 + 1/60*a**5 + 0*a + 0*a**3 + 5/24*a**4. Calculate s(-4).
-4
Let x be 6/(-2 + 14) - (-34)/(-4). Suppose 15 = -g - 4*g. Let p = g - x. Let y(q) = 3*q - 4. Determine y(p).
11
Let k = 190 - 191. Let b(n) be the third derivative of -13*n**6/720 - n**4/12 - n**2. Let m(r) be the second derivative of b(r). Give m(k).
13
Let i(r) = -121*r**2 - 119*r**2 + 378*r**2 + 2*r - 9 + r**3 - 131*r**2. Give i(-7).
-23
Let d(y) = -78*y + 46*y - 7 + 35*y. What is d(5)?
8
Let n(l) = -5*l**2 + 7*l - 12. Let j(y) = y**2 + 1. Let r(o) = 6*j(o) + n(o). Calculate r(-8).
2
Suppose 3*l + 6*l - 171 = 0. Let g(i) = -5 - l*i**2 + 22*i**2 - 11*i**2 + i**3 + 2 - 9*i. Determine g(9).
-3
Let t(a) be the first derivative of 2 + 3/2*a**2 + 1/4*a**4 - a + 4/3*a**3. Suppose 3*n + 9 = -2*d, d - 4*n + 2*n = -1. What is t(d)?
-1
Let p(c) be the third derivative of c**6/120 + 7*c**5/60 - 3*c**4/8 - 5*c**3/3 - 2*c**2. Let l = 115 - 123. What is p(l)?
-2
Let n(x) = x**2. Let j(f) = f**2 + f - 1. Let p(z) = z**2 - 5*z + 6. Let d be p(4). Suppose 3*k = 3*s - 9, d*k - 2 + 14 = -s. Let q be j(s). Determine n(q).
1
Let c = 5/12 + 13/12. Let g(v) be the second derivative of -c*v**3 + 3*v**2 - 10*v + 0 + 1/12*v**4. What is g(6)?
-12
Let q(b) = b**2 + 4*b - 4. Let g be q(1). Let a be (0 - g/(-5)) + (-28)/140. Let c(v) = -v - 6. Determine c(a).
-6
Let t be (-4)/14 - 1352/(-28). Let z(g) = -21*g + t*g - 26*g. Determine z(2).
2
Let m(i) = 8*i - 2 + i**2 + 3 + 1 - 5*i. Give m(-4).
6
Suppose 73 + 62 = -45*x. Let a(b) = -4*b**2 - 8*b - 1. Let u(d) = -3*d**2 - 7*d - 1. Let j(i) = -4*a(i) + 5*u(i). Give j(x).
17
Let b(k) be the first derivative of -k**3/3 + k**2/2 + 5*k + 337. Let u = -11 - -15. Give b(u).
-7
Suppose -2*r = 3*r + 15. Let f(l) be the first derivative of -l**4/8 - 2*l**3/3 + 3*l**2/2 + 3. Let u(y) be the second derivative of f(y). Calculate u(r).
5
Let y be (-9)/(7/((-98)/(-63)) + -3). Suppose -5 = -0*f - 5*f. Let c(v) = -v**2 - v. Let b(o) = 5*o**2 + o - 1. Let j(k) = f*b(k) + 6*c(k). Determine j(y).
-7
Let i(r) = r**2 + r + 1. Let f(w) = -5*w**2 - 2*w - 13. Let a(k) = f(k) + 6*i(k). Determine a(-4).
-7
Let i(p) = -3*p**2 - 34*p - 30. Let m(l) = 5*l**2 + 52*l + 45. Let f(q) = 8*i(q) + 5*m(q). What is f(13)?
-2
Let